13 + -2. Let q = -3 - n. What is the remainder when a is divided by q?
11
Let a = 143 - 129. Calculate the remainder when 34 is divided by a.
6
Let h(y) = y**2 - 5*y + 13. Let q = 1 - -4. Suppose g + g + 2*o = 54, -q*o = -4*g + 90. Calculate the remainder when g is divided by h(5).
12
What is the remainder when (0 - -53) + 8 + -9 is divided by 27?
25
Suppose -3*j + 2*l - 1 = 0, -4 - 26 = -5*j - 3*l. Suppose -4*x + 7 = -9, 3*x - 3 = b. What is the remainder when b is divided by j?
0
Let v = -19 - -24. Calculate the remainder when 6 is divided by v.
1
Let p = 3 + 3. Let b be (10 + 0)*6/(-15). Let f = b - -8. Calculate the remainder when p is divided by f.
2
Suppose 3*x - 6 = -3*z, 22 = -5*x + x + 2*z. What is the remainder when 33 is divided by 3 + 0/x - -4?
5
Let u = 22 - -2. Let y = u - -13. Suppose g - 3*g + 26 = 0. Calculate the remainder when y is divided by g.
11
Let z(h) = -h - 6. Let d(w) = 6. Let q(j) = -3*d(j) - 2*z(j). What is the remainder when 15 is divided by q(6)?
3
Let n(r) = -r + 8. Let l be n(8). Suppose k - 4 = 2*k, l = 2*f + 4*k - 20. Calculate the remainder when f is divided by 7.
4
What is the remainder when 27/2*(48/9)/8 is divided by 3?
0
Let j(i) = -2*i**2 + 16*i - 12. Calculate the remainder when 34 is divided by j(6).
10
Suppose -z = -0*z - 14. Suppose 0 = 3*y + n - 26, 0*y - y + z = 3*n. What is the remainder when y is divided by 5?
3
Let j(p) = 2*p**2 + p - 1. Suppose 4*x + 8 = -4. Calculate the remainder when 40 is divided by j(x).
12
Let b(w) = w + 10. Let s be b(-7). Suppose -169 = -5*g - 0*m + 2*m, -3*g = -s*m - 105. What is the remainder when 129 is divided by g?
30
Let l = -52 + 83. Calculate the remainder when l is divided by (-3)/(12/(-68)) - 1.
15
Suppose 24 = 5*x - 6. Let v = -12 - 12. What is the remainder when x is divided by v/(-60) - 18/(-5)?
2
What is the remainder when 67 is divided by (-16)/(-56) + (-117)/(-7)?
16
Let w be (-12)/54 + (-346)/(-18). Let g(l) = -1 - 2 - 10*l + 18*l**2 - w*l**2. What is the remainder when 40 is divided by g(-4)?
19
Let a(m) = m**3 + 2*m**2 - 1. Let l be a(-1). Suppose 34 = -l*v + 2*v. Calculate the remainder when (4/(-6))/((-6)/297) is divided by v.
16
Suppose 338 = 4*u + n + n, u = n + 92. Calculate the remainder when u is divided by 22.
21
Suppose -4*u = 2*o + u + 5, 4*o + 3*u = 11. Calculate the remainder when 19 is divided by o.
4
Let x = -30 + 59. Let v(g) = g**2 - 39*g + 55. Calculate the remainder when v(39) is divided by x.
26
Let i(c) = c**3 + 4*c**2 - 8*c - 6. Let n be i(-5). Let s = 0 - -8. What is the remainder when s is divided by (-1)/((-3*1)/n)?
2
Let c(l) = l + 14. What is the remainder when c(9) is divided by 13?
10
Let x(g) = -20*g**3 - 2*g - 1. Let v be -1 + 14 - (-1 + 3). Suppose -2*n + n + v = 0. Calculate the remainder when x(-1) is divided by n.
10
Suppose -4*d + 4 = 0, 2*x + 4*d - 6*d = -6. Calculate the remainder when (1 + x)/(11/(-528)) is divided by 17.
14
Suppose 0 = -i + 4, 3*q = 4*q - i - 1. Suppose -2*w + 7*w - 291 = 4*d, q*w - 267 = -2*d. Calculate the remainder when w is divided by 19.
17
Let g be (1*-2)/((-6)/228). Let a = 116 - g. Calculate the remainder when a is divided by 14.
12
Let z(t) = t + 4. Let s be z(-2). Suppose -a + s*a = 3. Calculate the remainder when (-1)/4 + (-21)/(-4) is divided by a.
2
Let k(s) = 2*s**3 - 7*s**2 - 2*s + 1. Suppose -17 + 34 = c. What is the remainder when k(5) is divided by c?
15
Suppose 2*s = 12 + 16. Suppose 0 = 3*m + 55 + 413. Let b = -101 - m. What is the remainder when b is divided by s?
13
Let w = 54 + -14. Suppose 3*g - h = 2*g + 18, -3*g + 5*h + 62 = 0. Calculate the remainder when w is divided by g.
12
Suppose 0 = 3*z - 144 + 30. Calculate the remainder when 3/6*-2*-113 is divided by z.
37
Suppose 0 = -5*q + 3*z + 39, z - 4 = -z. What is the remainder when 23 is divided by q?
5
Let f be 3 - 3 - (0 + -1). What is the remainder when (-1)/(f/(-26) + 0) is divided by 14?
12
Suppose 0 = m + 3*l - 34, -3*m + 0*m = 4*l - 77. Let b = m + 22. Suppose 2*q + 13 = b. Calculate the remainder when 26 is divided by q.
12
Suppose 10 = 5*u + 2*m, u - m = 2 + 7. Suppose u*p = 65 - 13. Suppose -2*a - 2*t + 82 = 0, 5*a + 2*t = a + 156. Calculate the remainder when a is divided by p.
11
Let k = 35 + -21. What is the remainder when 54 is divided by k?
12
Let u = 18 - 30. Calculate the remainder when (-2)/u - 645/(-18) is divided by 13.
10
Suppose p + 4*c = c + 5, -20 = -4*p + c. Calculate the remainder when 14 is divided by p.
4
Suppose -4*h = 2*v - 102, 61 = 5*v - 2*h - 146. Calculate the remainder when v is divided by 11.
10
Suppose -4*m - 4 = 5*h - 25, -4*m + 33 = h. Suppose 0 = -0*w - 3*w + m. Calculate the remainder when 9 is divided by w.
0
Let a(m) = m**2 + 6*m + 2. Let v be a(-5). Calculate the remainder when (5/v)/((-3)/63) is divided by 9.
8
Let t(m) = m + 4. Let x be t(-7). Calculate the remainder when (x - -4)/(2/76) is divided by 10.
8
Suppose -3*g - 4 = -16. Suppose 0 = g*y - 0*y - 188. What is the remainder when y is divided by (10/15)/(2/36)?
11
Let x(v) = 11*v. Let z be x(3). Suppose -4*t = 3*j - 68, z + 8 = j + 5*t. Calculate the remainder when 31 is divided by j.
15
Suppose s = -2*a + 3, 7 = 5*a - 5*s + 37. Let g be 2 - (a + -31 + 1). Suppose w + 0*w = g. What is the remainder when w is divided by 18?
15
Suppose -8*y + 34 = -78. What is the remainder when 22 is divided by y?
8
Let n(g) = 24*g - 2. What is the remainder when n(1) is divided by 6?
4
Suppose -2*y + 2*j + 36 = -j, 3*y - 4*j - 53 = 0. Let m = y - -7. What is the remainder when m is divided by (2/3)/(1/18)?
10
Let r(b) = -b**2 - 8*b - 2. Let h be 2/(-3)*(-9)/(-6). Let c(y) = 18*y**2 - y - 1. What is the remainder when c(h) is divided by r(-6)?
8
Let w = -2 + 0. Let n(b) = 27*b**2 + 2*b + 1. Let h be n(w). What is the remainder when (-2)/(-1 + h/111) is divided by 19?
18
Let u be 1*8 - (-6)/(-3). Let s = u + -9. Calculate the remainder when (-59)/s - (-2)/(-3) is divided by 7.
5
Let i = 0 + 2. Suppose 2*r + 2*y - 14 = y, 2*r + i*y = 18. Let h = -46 + 64. What is the remainder when h is divided by r?
3
Let b be ((-12)/(-9))/((-2)/39). Let t = b + 66. What is the remainder when t is divided by 14?
12
Let s be 4/(-8) - 57/(-6). Calculate the remainder when -69*(-3)/s*3 is divided by 12.
9
Let j(b) = b + 3. Let w be j(-4). Let p = w + 13. Calculate the remainder when 47 is divided by p.
11
Let h = 30 + 7. Let z = -19 + 32. Calculate the remainder when h is divided by z.
11
Let c = 25 - 3. What is the remainder when 63 is divided by c?
19
Suppose 3*b + a + 62 = 4*b, 2 = -2*a. Suppose 0*v - 3*v - 5*p = -207, 0 = v - p - b. Calculate the remainder when v is divided by 22.
20
Let v(i) = 16*i + 1. Suppose 0 = -y + 6 + 4. What is the remainder when v(1) is divided by y?
7
Let k = -91 - -153. What is the remainder when k is divided by 21?
20
Let p(t) = 4*t + 15. What is the remainder when p(3) is divided by 7?
6
Suppose 34 = 3*q - 65. What is the remainder when 96 is divided by q?
30
Let o be ((-1170)/(-20))/(1/6). Suppose -5*w + 214 = -o. What is the remainder when w is divided by 29?
26
Suppose -3*c = 2*l - 12, -4*l = -8*l - 4*c + 20. Suppose 8 = -k + l*k, k - 78 = -2*s. Let p = 12 - 2. Calculate the remainder when s is divided by p.
7
Let u = 84 + -40. Let x = -38 - -31. Let r = x - -22. What is the remainder when u is divided by r?
14
Suppose -k = 3*k - 12. Suppose -3*a + 6 = -6. Calculate the remainder when 5 + (0 - 3) + k is divided by a.
1
Suppose 0 = 2*j + 8, -5*j = 7*m - 3*m. Let a(d) = d**2 + 5*d + 7. Calculate the remainder when a(-6) is divided by m.
3
Let x(v) = v**3 + 7*v**2 - 10*v + 3. Let n = -7 - -11. What is the remainder when 0/n - -6*6 is divided by x(-8)?
17
Let m be 4*2/(-4)*-2. Let y = m + 1. Suppose 2*q = 7 + y. What is the remainder when 21 is divided by q?
3
Let j(b) = -b**3 + b**2 + b + 13. What is the remainder when j(0) is divided by 8?
5
Suppose -2*p + p + 2*j + 18 = 0, 0 = p - 3*j - 13. Suppose -4*q + 39 = -1. Calculate the remainder when p is divided by q.
8
Suppose -3*m - 82 = -4*z - 213, -3*z = 4*m - 183. Calculate the remainder when m is divided by 10.
5
Let h(b) = b + 12. What is the remainder when h(7) is divided by 5?
4
Let w = 397 + -277. Suppose -w = -2*l - l. Suppose 0 = -0*p + 3*p + 4*m - 117, -m + l =